{"id":217,"date":"2017-08-26T11:23:12","date_gmt":"2017-08-26T09:23:12","guid":{"rendered":"https:\/\/service.conbrio.de\/service\/?page_id=217"},"modified":"2024-07-05T11:05:00","modified_gmt":"2024-07-05T09:05:00","slug":"downloads-zu-cb-1272","status":"publish","type":"page","link":"https:\/\/service.conbrio.de\/service\/downloads-zu-cb-1272\/","title":{"rendered":"Downloads zu CB 1272: Das Olm\u00fctzer Stadttheater und seine Oper"},"content":{"rendered":"<figure id=\"attachment_218\" aria-describedby=\"caption-attachment-218\" style=\"width: 214px\" class=\"wp-caption alignright\"><a href=\"https:\/\/service.conbrio.de\/service\/wp-content\/uploads\/2017\/08\/cb1272.jpg\"><img loading=\"lazy\" decoding=\"async\" class=\"wp-image-218 size-medium\" src=\"https:\/\/service.conbrio.de\/service\/wp-content\/uploads\/2017\/08\/cb1272-214x300.jpg\" alt=\" Das Olm\u00fctzer Stadttheater und seine Oper \" width=\"214\" height=\"300\" srcset=\"https:\/\/service.conbrio.de\/service\/wp-content\/uploads\/2017\/08\/cb1272-214x300.jpg 214w, https:\/\/service.conbrio.de\/service\/wp-content\/uploads\/2017\/08\/cb1272-356x500.jpg 356w, https:\/\/service.conbrio.de\/service\/wp-content\/uploads\/2017\/08\/cb1272.jpg 380w\" sizes=\"auto, (max-width: 214px) 100vw, 214px\" \/><\/a><figcaption id=\"caption-attachment-218\" class=\"wp-caption-text\">Das Olm\u00fctzer Stadttheater und seine Oper.<\/figcaption><\/figure>\n<p>Die Autoren legen eine Fallstudie zur Institution des st\u00e4dtischen deutschsprachigen Musiktheaters am Beispiel Olm\u00fctz vor (1770\u20131920). Diese er\u00f6ffnet neue Perspektiven auf das Funktionieren eines solchen Hauses unter sowohl theater- als auch musikwissenschaftlichen Fragestellungen im europ\u00e4ischen Rahmen. Das Buch versteht sich als ein Beitrag zur Sozialgeschichte der st\u00e4dtischen Institution Oper und beleuchtet unter diesem Vorzeichen eine F\u00fclle von\u00a0 Problemkonstellationen, wie sie im Alltagsbetrieb einer solchen Einrichtung anzutreffen sind.<\/p>\n<p><strong>Ein Mitgliederverzeichnis der Oper Olm\u00fctz sowie Repertoireverzeichnisse f\u00fcr die Perioden 1770\u20131799 bzw. 1800\u20131920 stehen als Dateien zum Download zur Verf\u00fcgung.<\/strong><\/p>\n<ul>\n<li><a href=\"https:\/\/www.conbrio.de\/content\/buch\/neue-wege-nove-cesty-schriftenreihe-des-sudetendeutschen-musikinstituts\/das-olmuetzer\">Mehr Informationen zum Buch<\/a> finden Sie auf der <a href=\"https:\/\/www.conbrio.de\/\">Website von ConBrio<\/a>.<\/li>\n<\/ul>\n<h2>Downloads<\/h2>\n<a  data-e-Disable-Page-Transition=\"true\" class=\"download-link filetype-icon filetype-pdf\" title=\"\" href=\"https:\/\/service.conbrio.de\/service\/download\/221\/?tmstv=1775969007\" rel=\"nofollow\" id=\"download-link-221\" data-redirect=\"false\" >\n\tConBrio-SMI-14-Olm\u00fctz-Mitgliederverzeichnis.pdf\t(1631 Downloads\t)\n<\/a>\n\n<hr \/>\n<a  data-e-Disable-Page-Transition=\"true\" class=\"download-link filetype-icon filetype-pdf\" title=\"\" href=\"https:\/\/service.conbrio.de\/service\/download\/224\/?tmstv=1775969007\" rel=\"nofollow\" id=\"download-link-224\" data-redirect=\"false\" >\n\tConBrio-SMI-14-Olm\u00fctz-Repertoireverzeichnis-1770-1799.pdf\t(1502 Downloads\t)\n<\/a>\n\n<hr \/>\n<a  data-e-Disable-Page-Transition=\"true\" class=\"download-link filetype-icon filetype-xlsx\" title=\"\" href=\"https:\/\/service.conbrio.de\/service\/download\/229\/?tmstv=1775969007\" rel=\"nofollow\" id=\"download-link-229\" data-redirect=\"false\" >\n\tConBrio-SMI-14-Olm\u00fctz-Repertoireverzeichnis-1800-1920.xlsx\t(1503 Downloads\t)\n<\/a>\n\n","protected":false},"excerpt":{"rendered":"<p>Die Autoren legen eine Fallstudie zur Institution des st\u00e4dtischen deutschsprachigen Musiktheaters am Beispiel Olm\u00fctz vor (1770\u20131920). Diese er\u00f6ffnet neue Perspektiven auf das Funktionieren eines solchen Hauses unter sowohl theater- als <a href=\"https:\/\/service.conbrio.de\/service\/downloads-zu-cb-1272\/\" class=\"more-link\">[&hellip;]<\/a><\/p>\n","protected":false},"author":1,"featured_media":0,"parent":0,"menu_order":0,"comment_status":"closed","ping_status":"closed","template":"","meta":{"_uag_custom_page_level_css":"","episode_type":"","audio_file":"","podmotor_file_id":"","podmotor_episode_id":"","cover_image":"","cover_image_id":"","duration":"","filesize":"","filesize_raw":"","date_recorded":"","explicit":"","block":"","itunes_episode_number":"","itunes_title":"","itunes_season_number":"","itunes_episode_type":"","Layout":"","footnotes":""},"class_list":["entry","author-hufner","post-217","page","type-page","status-publish"],"uagb_featured_image_src":{"full":false,"thumbnail":false,"medium":false,"medium_large":false,"large":false,"1536x1536":false,"2048x2048":false,"post-thumbnail":false,"stargazer-full":false},"uagb_author_info":{"display_name":"nmz","author_link":"https:\/\/service.conbrio.de\/service\/author\/hufner\/"},"uagb_comment_info":0,"uagb_excerpt":"Die Autoren legen eine Fallstudie zur Institution des st\u00e4dtischen deutschsprachigen Musiktheaters am Beispiel Olm\u00fctz vor (1770\u20131920). Diese er\u00f6ffnet neue Perspektiven auf das Funktionieren eines solchen Hauses unter sowohl theater- als [&hellip;]","_links":{"self":[{"href":"https:\/\/service.conbrio.de\/service\/wp-json\/wp\/v2\/pages\/217","targetHints":{"allow":["GET"]}}],"collection":[{"href":"https:\/\/service.conbrio.de\/service\/wp-json\/wp\/v2\/pages"}],"about":[{"href":"https:\/\/service.conbrio.de\/service\/wp-json\/wp\/v2\/types\/page"}],"author":[{"embeddable":true,"href":"https:\/\/service.conbrio.de\/service\/wp-json\/wp\/v2\/users\/1"}],"replies":[{"embeddable":true,"href":"https:\/\/service.conbrio.de\/service\/wp-json\/wp\/v2\/comments?post=217"}],"version-history":[{"count":8,"href":"https:\/\/service.conbrio.de\/service\/wp-json\/wp\/v2\/pages\/217\/revisions"}],"predecessor-version":[{"id":238,"href":"https:\/\/service.conbrio.de\/service\/wp-json\/wp\/v2\/pages\/217\/revisions\/238"}],"wp:attachment":[{"href":"https:\/\/service.conbrio.de\/service\/wp-json\/wp\/v2\/media?parent=217"}],"curies":[{"name":"wp","href":"https:\/\/api.w.org\/{rel}","templated":true}]}}